98408 is divided by 93?
39
Calculate the remainder when 252529 is divided by 515.
179
What is the remainder when 3143865 is divided by 1073?
1048
What is the remainder when 39184590 is divided by 4353829?
129
Calculate the remainder when 118600 is divided by 29384.
1064
Calculate the remainder when 45603459 is divided by 28.
27
Calculate the remainder when 6240751 is divided by 112.
111
What is the remainder when 183460 is divided by 5173?
2405
What is the remainder when 56469 is divided by 56377?
92
Calculate the remainder when 1017327 is divided by 138.
129
What is the remainder when 16787282 is divided by 16804?
86
Calculate the remainder when 1081140 is divided by 11751.
48
What is the remainder when 29828 is divided by 2139?
2021
What is the remainder when 53526 is divided by 163?
62
Calculate the remainder when 6377425 is divided by 803.
802
Calculate the remainder when 437473983 is divided by 31.
30
Calculate the remainder when 833114971 is divided by 1597.
1593
What is the remainder when 100004559 is divided by 40?
39
Calculate the remainder when 15258655 is divided by 119.
118
Calculate the remainder when 19430 is divided by 9531.
368
What is the remainder when 108854 is divided by 947?
896
What is the remainder when 159639 is divided by 39865?
179
Calculate the remainder when 1923009 is divided by 137318.
557
Calculate the remainder when 178181 is divided by 2827.
80
Calculate the remainder when 7061299 is divided by 1369.
1366
What is the remainder when 45048 is divided by 457?
262
What is the remainder when 83147095 is divided by 20?
15
What is the remainder when 223077 is divided by 43?
36
What is the remainder when 11267545 is divided by 128?
89
Calculate the remainder when 820338 is divided by 8457.
9
What is the remainder when 787622 is divided by 15?
2
What is the remainder when 626346 is divided by 336?
42
Calculate the remainder when 2812990 is divided by 14.
12
What is the remainder when 134104 is divided by 3942?
76
Calculate the remainder when 235247 is divided by 260.
207
Calculate the remainder when 2993634 is divided by 1496772.
90
Calculate the remainder when 13257445 is divided by 150.
145
Calculate the remainder when 1753770 is divided by 57.
51
Calculate the remainder when 2596963 is divided by 1669.
1668
What is the remainder when 1249788633 is divided by 516?
513
What is the remainder when 468979 is divided by 22?
5
Calculate the remainder when 29683037 is divided by 249.
245
What is the remainder when 9750535 is divided by 17?
15
What is the remainder when 8763 is divided by 149?
121
What is the remainder when 157183199 is divided by 2710055?
9
What is the remainder when 333888 is divided by 2239?
277
Calculate the remainder when 12998986 is divided by 764644.
38
What is the remainder when 13137 is divided by 3239?
181
What is the remainder when 11061454 is divided by 588?
586
Calculate the remainder when 2298656 is divided by 810.
686
Calculate the remainder when 353469 is divided by 176720.
29
What is the remainder when 303457098 is divided by 449?
448
What is the remainder when 2240929 is divided by 160056?
145
What is the remainder when 747324 is divided by 210?
144
Calculate the remainder when 11523566 is divided by 313.
158
Calculate the remainder when 314693 is divided by 2366.
15
What is the remainder when 7407546 is divided by 129?
108
What is the remainder when 1259973 is divided by 23331?
99
What is the remainder when 495169 is divided by 569?
139
Calculate the remainder when 4490924 is divided by 18481.
41
What is the remainder when 9023194 is divided by 2255795?
14
What is the remainder when 5060570 is divided by 506056?
10
What is the remainder when 587725478 is divided by 51?
50
What is the remainder when 4481260 is divided by 1120312?
12
What is the remainder when 238022220 is divided by 75157?
1
What is the remainder when 116746 is divided by 1032?
130
Calculate the remainder when 1763409 is divided by 205.
204
Calculate the remainder when 206663 is divided by 34429.
89
What is the remainder when 117666 is divided by 58562?
542
Calculate the remainder when 254581 is divided by 1370.
1131
Calculate the remainder when 807282 is divided by 4460.
22
Calculate the remainder when 5975577 is divided by 19.
1
What is the remainder when 41994 is divided by 408?
378
What is the remainder when 11760335 is divided by 24?
23
Calculate the remainder when 4269572 is divided by 533696.
4
Calculate the remainder when 122463091 is divided by 477.
19
Calculate the remainder when 1723173 is divided by 661.
607
Calculate the remainder when 1090303 is divided by 37.
24
Calculate the remainder when 2835796 is divided by 62.
40
Calculate the remainder when 420149 is divided by 12731.
26
Calculate the remainder when 440672 is divided by 128.
96
What is the remainder when 892565014 is divided by 58?
56
Calculate the remainder when 5361501 is divided by 20.
1
What is the remainder when 1115789 is divided by 569?
549
Calculate the remainder when 55296 is divided by 571.
480
What is the remainder when 9964 is divided by 9085?
879
Calculate the remainder when 21210 is divided by 4232.
50
What is the remainder when 9535 is divided by 2359?
99
Calculate the remainder when 415860 is divided by 11.
5
What is the remainder when 11477207 is divided by 21?
14
What is the remainder when 9387534 is divided by 9648?
30
What is the remainder when 31031637 is divided by 33730?
37
What is the remainder when 2420246 is divided by 10?
6
What is the remainder when 547077 is divided by 3090?
147
What is the remainder when 69003 is divided by 13762?
193
Calculate the remainder when 81798439 is divided by 1163.
1160
What is the remainder when 445113 is divided by 14079?
8664
What is the remainder when 876389 is divided by 98?
73
Calculate the remainder when 4438358 is divided by 107.
105
Calculate the remainder when 2319043 is divided by 36235.
3
Calculate the remainder when 520172 is divided by 8.
4
What is the remainder when 31375349 is divided by 272829?
14
Calculate the remainder when 28383110 is divided by 551.
549
Calculate the remainder when 100607413 is divided by 16767900.
13
What is the remainder when 8282 is divided by 75?
32
Calculate the remainder when 9324 is divided by 923.
94
Calculate the remainder when 544539 is divided by 20.
19
What is the remainder when 140943 is divided by 1113?
705
What is the remainder when 279073 is divided by 3041?
2342
Calculate the remainder when 2156443 is divided by 51.
10
Calculate the remainder when 15989662 is divided by 785.
782
Calculate the remainder when 66976 is divided by 7393.
439
What is the remainder when 32205 is divided by 7506?
2181
What is the remainder when 60117191 is divided by 1723?
1721
Calculate the remainder when 116116 is divided by 58055.
6
What is the remainder when 4841041 is divided by 7172?
7113
Calculate the remainder when 138306 is divided by 380.
366
Calculate the remainder when 71628 is divided by 8830.
988
What is the remainder when 56380 is divided by 1713?
1564
Calculate the remainder when 811844 is divided by 115903.
523
What is the remainder when 4858058 is divided by 17227?
44
What is the remainder when 3993981 is divided by 2985?
51
Calculate the remainder when 8633975 is divided by 9778.
1
Calculate the remainder when 69204469 is divided by 105.
19
What is the remainder when 35455 is divided by 4976?
623
Calculate the remainder when 157351 is divided by 7867.
11
What is the remainder when 2387558 is divided by 795840?
38
Calculate the remainder when 21955088 is divided by 766.
762
Calculate the remainder when 23281157 is divided by 69.
5
What is the remainder when 31318636 is divided by 13137?
28
Calculate the remainder when 1369523 is divided by 113.
76
What is the remainder when 2203703 is divided by 734538?
89
What is the remainder when 2495518 is divided by 720?
718
Calculate the remainder when 41259 is divided by 592.
411
What is the remainder when 1808305 is divided by 218?
213
What is the remainder when 1302347 is divided by 434052?
191
What is the remainder when 52253187 is divided by 10?
7
Calculate the remainder when 17110574 is divided by 2072.
2070
Calculate the remainder when 8665871 is divided by 41266.
11
Calculate the remainder when 212